1
Suppose -3*a - 3 = 18. Let q = a - -13. Suppose k - q = -k. What is the units digit of k?
3
Let n(p) = p**3 - 49*p**2 - 168*p - 48. What is the tens digit of n(53)?
8
Suppose 0 = -4*o + 10 + 10. Suppose b - 10 = -3*a, 2*a - 4*a + o = -b. What is the units digit of a?
3
Let m = 924 - 537. Let r = m - 242. What is the tens digit of r?
4
Let z(o) = o**3 + o - 1. Let q(x) = 7*x**3 + 8*x**2 + 4*x - 2. Let y(s) = q(s) - 6*z(s). What is the units digit of y(-7)?
7
Let u(n) = -73*n + 1986. What is the units digit of u(0)?
6
Suppose 3*c + 2*c - 4*b + 415 = 0, 3*b = 2*c + 173. Let t = -9 - c. Suppose f - 46 = -f + 4*r, 0 = 5*f + 5*r - t. What is the tens digit of f?
1
Suppose -3*t = 4*w - 766, 0 = -5*w - 10*t + 7*t + 959. Let v = w - 85. What is the hundreds digit of v?
1
Suppose 17 = -h - 4*z, -2*z - 1 = 9. Suppose -3*c + c = -5*b + 139, -4*c - 75 = -h*b. What is the units digit of b?
9
Let b(a) = 106*a - 73. What is the tens digit of b(7)?
6
Let z be (3 - -1)/(2/4). Suppose -3*k + z = -k. What is the units digit of k?
4
Let z(g) = 36*g - 3. Let o be (-2)/(-3) - 1/((-12)/40). What is the hundreds digit of z(o)?
1
Suppose -4*s - 2*v + 6 = 0, 4*s - 4 = 3*v - 7*v. Suppose -p = -2 - 2. Suppose -p*k = -n + 13, 7*n = 4*n + s*k + 49. What is the units digit of n?
7
Let p be ((-4)/(-6))/(-3 - (-430)/144). Let a = 131 + p. What is the units digit of a?
3
What is the tens digit of (0 - (-942)/8)/(2/8)?
7
Let w be 4 + (12 - 6) - (-4 - -2). Suppose -w*r - 918 = -4746. What is the units digit of r?
9
Let g = 31 - 23. Let h = 10 - g. Suppose -a + 23 = -o, 12 = h*o + 2*o. What is the units digit of a?
6
Let k(v) = 2*v**2 - 5. Let o be k(-5). Suppose 0 + o = c. Suppose -4*d = 3*w - 51, 14 - c = -4*d + w. What is the units digit of d?
9
What is the thousands digit of -2 + ((-28249)/(-11) - 4/44)?
2
Suppose -6*g + 30 = -g + 5*s, -2*s = g - 10. Suppose 2*n - 307 = 183. Suppose -g*l + 106 = 4*k - 2*k, 5*k - n = -l. What is the units digit of k?
8
Suppose 0*t + 3*a + 5 = -5*t, -4*t - a - 11 = 0. Let k(y) = -3*y**3 - 7*y**2 - 15*y - 10. What is the tens digit of k(t)?
3
Let z be (-4)/16 + (-2)/(-8). Suppose a - 3 = z, -r + 124 = 4*r + 3*a. What is the tens digit of r?
2
Let m(g) = g**3 + 12*g**2 + 9*g + 25. Let u be (3/6)/(42/(-40) + 1). What is the tens digit of m(u)?
3
Suppose -2*t - 2*r = -696, 0*t + 1392 = 4*t - r. Let m = -201 + t. Suppose -3*y + 123 = -5*i, -m = -3*y - i - 2*i. What is the units digit of y?
6
Suppose -2*d = n - 302, 62*d - 60*d + 2*n = 304. What is the hundreds digit of d?
1
Let a = -18 - -22. Let f = 8 - a. Suppose -5*g + 295 = 6*q - q, -5*q - f*g + 293 = 0. What is the tens digit of q?
5
Let m(y) be the first derivative of y**3 + 3*y**2/2 + y - 7. What is the tens digit of m(-5)?
6
Let v(q) = 2*q + 1. Let u(b) = b + 12. Let k = -11 - -5. Let c be u(k). What is the tens digit of v(c)?
1
What is the tens digit of (-2)/(-8)*-1 - 23924/(-16)?
9
Let t(p) = -311*p**3 - p**2 + 3*p + 1. Let m be t(-2). Suppose -h = -5*q - 3101, -2*q - 2*q - h = m. What is the units digit of 1/(-7) - q/28?
2
Let p(b) = 32*b**2 + 9*b - 48. What is the thousands digit of p(6)?
1
Let j(v) be the second derivative of -v**5/20 - 7*v**4/12 - 5*v**3/3 - v**2 + 7*v. What is the tens digit of j(-7)?
6
Let c(t) be the third derivative of t**5/60 - t**4/24 + 5*t**3/6 + 9*t**2. What is the tens digit of c(7)?
4
Let b = 574 - 563. What is the units digit of b?
1
What is the thousands digit of ((-189297)/36)/19*-8?
2
Let b(t) = t**2 + 8*t + 9. Let l be b(-7). Let u(d) = 3*d**2 - 7 + 8*d + l - 1 - 2*d. What is the tens digit of u(-5)?
3
Let d = -15 + 17. Suppose v + 163 = -4*p + 6*p, -d*v + 74 = p. What is the units digit of p?
0
Let c = 6111 + -2897. What is the units digit of c?
4
Suppose k + k - 86 = 2*g, -4*k + 142 = 2*g. Suppose -2*x + 5 + 1 = 2*s, 2*s = x - 3. Suppose x*t - 4 - k = 0. What is the tens digit of t?
1
Let p(m) = 2*m + 76. Let f be p(-31). Suppose -f*r + 44 = -12. What is the units digit of r?
4
Let f be (-1*(2 - 1))/(-1). Let k(c) = 5*c**3 + 11*c**2 + 3*c + 4. Let p(y) = -y**3 - y**2 - y + 1. Let o(z) = f*k(z) + 4*p(z). What is the tens digit of o(-6)?
5
Suppose 207 = 4*y - 21. What is the tens digit of y?
5
What is the units digit of 827 + (6 - 8) + 7?
2
Let q = -41 - -47. Suppose -1133 + 155 = -q*h. What is the units digit of h?
3
Let n be ((-10)/(-6))/(((-4)/6)/(-2)). Suppose 3*s + n*d = -0*s + 707, -3*s + d = -683. What is the tens digit of s?
2
What is the hundreds digit of 1 + 181 + 9/((-27)/6)?
1
Let i(k) = k**2 - 22*k + 43. Let q be (4/7)/(24/924). What is the tens digit of i(q)?
4
Suppose 30 = 5*s + 3*n + 2*n, 2*n - 24 = -5*s. Suppose -5*l + 296 = 4*h, -h + 64 = l + s. What is the units digit of l?
6
Let s = 6526 - 3533. What is the hundreds digit of s?
9
Suppose -70*a + 66*a = -2*r + 1698, 0 = 2*r + a - 1673. What is the units digit of r?
9
Suppose -4*n = -25 + 5, i + 5*n - 694 = 0. What is the tens digit of i?
6
Let o(g) = -4*g - 14. Let t be o(-4). What is the units digit of ((-6)/18 + 1)*333/t?
1
Let r = -1 - -5. Suppose -190 = -r*y - y. Suppose -5*j = -4*s + y, 5*j - 8 - 2 = 0. What is the tens digit of s?
1
Suppose -137 = -13*n + 84. Suppose -2*s = -81 - n. What is the tens digit of s?
4
Suppose 4*n - 16 = 0, 2*r = -2*r + n + 2136. What is the units digit of r?
5
Let o(d) = -d**3 - 6*d**2 + 17*d + 12. Let p be o(-8). What is the units digit of p/(-5) - 1896/(-120)?
5
Let c be 1/(-1) - (-3 - 1). Let m be ((-6)/c + 5)*-2. What is the units digit of m/8*28/(-1)?
1
Suppose -3*q - 12 = -2*y - 5*q, -2*q + 21 = 5*y. Suppose d - 319 = -y*k, 3*k - k - 226 = 2*d. What is the tens digit of k?
0
Suppose 0 = -2*y - 4*l + 14, -3*y - 2*y = -5*l - 95. Suppose 0 = 11*x - y*x + 120. What is the units digit of x?
0
Let b be (-18)/72 - 234/(-8). Let z = -30 + b. What is the units digit of z*(-46 - -3) + -3?
0
Let z(j) = j**3 + 16*j**2 + 16*j + 17. Let i be z(-15). Suppose i*m = 6*m - 308. What is the units digit of m?
7
Let t(z) = -31*z**3 - 4*z. What is the units digit of t(-2)?
6
Let k = 7 - 3. Suppose -2*q = -5*d + k*d + 29, -3*q = -3*d + 78. What is the units digit of d?
3
Let v be (117/(-52))/(6/16). What is the tens digit of ((-9)/v)/((-15)/(-170))?
1
Let j(n) be the first derivative of 11*n**4/4 - n - 1. Let o be j(1). Let s = 21 - o. What is the units digit of s?
1
Let b be (116/7)/2 - 2/7. What is the tens digit of (b/(-6))/((-3)/(-2 - -38))?
1
Suppose 10*t - 2*o = 5*t + 116, -4*t = -3*o - 90. Suppose y - 1 - 3 = 0. Suppose 43 = 3*r + 4*z, -t = -4*r + y*z - z. What is the units digit of r?
9
Suppose -4*d + 13 = -23. Let h = 15 - d. What is the units digit of 10*(h/(-5))/(-2)?
6
Suppose 0*j = 8*j + 3216. Let w = j + 731. What is the hundreds digit of w?
3
Let z(f) = 3*f**2 - f + 31. What is the units digit of z(13)?
5
Suppose 0 = 7*n - 6*n - 4*i - 283, -4*n + 1156 = -4*i. Suppose -d + 288 = s - 3*d, -d + n = s. What is the hundreds digit of s?
2
Suppose 19 + 15 = 17*j. Suppose -3*g = -8*g - j*t + 780, 0 = -5*g - 3*t + 775. What is the hundreds digit of g?
1
Let j = 6120 + -3206. What is the units digit of j?
4
Let t be (6/4)/((-6)/156). Let n = 59 + t. What is the tens digit of n?
2
Let b be (63/(-28))/((-2)/64*3). Suppose -88 = -b*j + 16*j. What is the units digit of j?
1
Let x(l) = -2 - 2 - 4*l + l - 9. Let u be x(-6). Suppose 0 = 3*k + u*a + 13 - 48, -2*a = 5*k - 52. What is the tens digit of k?
1
Suppose -28 = 8*b - 10*b. Let w be b/35*(-15)/(-3). Suppose -5*u + w*r = -2*r - 309, -3*u + r + 184 = 0. What is the tens digit of u?
6
Suppose -3*o = 5*z - 2242, -1386 = -4*z - 3*o + 410. What is the tens digit of z?
4
Let g be (-135)/(-5) + -1 + 0. Let y = 91 + g. What is the units digit of y?
7
What is the units digit of 8/6 + (2804/3 - -3)?
9
Suppose -7*h + 5175 + 537 = 0. What is the tens digit of h?
1
Let r be 244/(-2 - (-1 - 3)). Let a = -6 + r. What is the tens digit of a?
1
Let h(a) = -a**3 + 2*a**2 - a - 155. Let d be h(0). Let v = d - -244. What is the units digit of v?
9
Let m(c) = c**3 - 7*c**2 + 5*c + 7. Let h be m(6). Let o = h + -7. Let n = o - -38. What is the tens digit of n?
3
Let o(z) = -2*z**2 + 39*z + 22. Let s be o(20). Suppose 5*c - 456 = -l, -2*c + 127 = s*l - 49. What is the units digit of c?
2
Suppose 4*x = -c - 189 + 536, -5*c + 1666 = 